actors of 3700466?
2, 7, 11, 24029
What are the prime factors of 42713882?
2, 41, 47, 11083
List the prime factors of 3744394.
2, 97, 19301
What are the prime factors of 262093?
13, 20161
List the prime factors of 3099419.
3099419
What are the prime factors of 1466192?
2, 7, 13, 19, 53
List the prime factors of 980922.
2, 3, 163487
List the prime factors of 1256343.
3, 11, 3461
List the prime factors of 946729.
7, 139
List the prime factors of 225177.
3, 47, 1597
List the prime factors of 584315.
5, 23, 5081
What are the prime factors of 65727?
3, 67, 109
What are the prime factors of 402023?
402023
What are the prime factors of 430830?
2, 3, 5, 4787
List the prime factors of 5591.
5591
What are the prime factors of 365309?
7, 23, 2269
What are the prime factors of 205353?
3, 22817
List the prime factors of 218753.
23, 9511
What are the prime factors of 27014?
2, 13, 1039
List the prime factors of 1049217.
3, 13, 26903
List the prime factors of 636329.
19, 107, 313
List the prime factors of 76880.
2, 5, 31
What are the prime factors of 4245737?
101, 127, 331
What are the prime factors of 994201?
13, 31, 2467
List the prime factors of 7998924.
2, 3, 19, 35083
List the prime factors of 1157240.
2, 5, 7, 4133
List the prime factors of 4477919.
17, 29, 31, 293
List the prime factors of 3367906.
2, 163, 10331
List the prime factors of 589752.
2, 3, 8191
What are the prime factors of 26127419?
17, 1536907
What are the prime factors of 1774282?
2, 887141
List the prime factors of 3789413.
3789413
List the prime factors of 14519477.
7, 19, 109169
List the prime factors of 3326867.
43, 77369
What are the prime factors of 6162521?
31, 269, 739
What are the prime factors of 4728038?
2, 7, 41, 8237
List the prime factors of 2336507.
353, 6619
What are the prime factors of 8811?
3, 11, 89
List the prime factors of 700896.
2, 3, 7, 149
What are the prime factors of 65113?
19, 23, 149
What are the prime factors of 277671?
3, 92557
List the prime factors of 1131721.
1131721
List the prime factors of 4386634.
2, 7, 313331
List the prime factors of 18682055.
5, 7, 59, 83, 109
What are the prime factors of 34142996?
2, 41, 208189
List the prime factors of 1969309.
569, 3461
What are the prime factors of 25874553?
3, 31, 61, 4561
List the prime factors of 385606.
2, 13, 14831
What are the prime factors of 1113518?
2, 7, 79537
What are the prime factors of 5583906?
2, 3, 31, 10007
List the prime factors of 290452.
2, 72613
List the prime factors of 4928416.
2, 233, 661
What are the prime factors of 231510?
2, 3, 5, 7717
What are the prime factors of 841744?
2, 52609
What are the prime factors of 25579044?
2, 3, 29, 8167
List the prime factors of 2550864.
2, 3, 19, 2797
List the prime factors of 15559128.
2, 3, 13, 1847
What are the prime factors of 3894990?
2, 3, 5, 11, 29, 37
What are the prime factors of 5591445?
3, 5, 372763
What are the prime factors of 2015899?
31, 65029
List the prime factors of 78736.
2, 7, 19, 37
What are the prime factors of 1731786?
2, 3, 7, 41233
What are the prime factors of 18391?
53, 347
List the prime factors of 1729079.
11, 157189
List the prime factors of 5433209.
61, 89069
List the prime factors of 650206.
2, 151, 2153
List the prime factors of 14444179.
3697, 3907
List the prime factors of 234579.
3, 78193
List the prime factors of 2736608.
2, 7, 19, 643
List the prime factors of 1174879.
1174879
What are the prime factors of 100979?
241, 419
List the prime factors of 4232749.
271, 15619
List the prime factors of 32451781.
23, 1410947
What are the prime factors of 8723343?
3, 761, 3821
List the prime factors of 101895.
3, 5, 6793
List the prime factors of 841685.
5, 13, 23, 563
List the prime factors of 178567.
178567
What are the prime factors of 11529276?
2, 3, 11, 19, 4597
What are the prime factors of 1937524?
2, 17, 28493
List the prime factors of 249575.
5, 67, 149
List the prime factors of 876080.
2, 5, 47, 233
List the prime factors of 3147943.
1321, 2383
What are the prime factors of 1647323?
1647323
List the prime factors of 7821694.
2, 397, 9851
What are the prime factors of 1452162?
2, 3, 173, 1399
List the prime factors of 146222.
2, 113, 647
List the prime factors of 167511.
3, 55837
What are the prime factors of 19398298?
2, 9699149
What are the prime factors of 2727143?
2727143
List the prime factors of 1011171.
3, 7, 179, 269
What are the prime factors of 2146294?
2, 1073147
List the prime factors of 385483.
7, 7867
What are the prime factors of 813028?
2, 439, 463
List the prime factors of 437974.
2, 218987
What are the prime factors of 3224213?
313, 10301
What are the prime factors of 1077297?
3, 13, 23, 1201
List the prime factors of 371370.
2, 3, 5, 12379
What are the prime factors of 1175899?
1175899
List the prime factors of 398820.
2, 3, 5, 17, 23
List the prime factors of 244769.
7, 73, 479
What are the prime factors of 841239?
3, 7, 4451
What are the prime factors of 6684008?
2, 167, 5003
List the prime factors of 130970.
2, 5, 7, 1871
List the prime factors of 8864877.
3, 7, 422137
What are the prime factors of 417771?
3, 15473
List the prime factors of 968374.
2, 11, 44017
What are the prime factors of 6468004?
2, 887, 1823
What are the prime factors of 86850?
2, 3, 5, 193
What are the prime factors of 87660?
2, 3, 5, 487
List the prime factors of 139914.
2, 3, 2591
List the prime factors of 3835600.
2, 5, 43, 223
List the prime factors of 138025.
5, 5521
What are the prime factors of 134825?
5, 5393
List the prime factors of 4119138.
2, 3, 228841
List the prime factors of 13898600.
2, 5, 69493
What are the prime factors of 307211?
19, 23, 37
List the prime factors of 56459.
13, 43, 101
List the prime factors of 4013483.
191, 21013
What are the prime factors of 303809?
11, 71, 389
List the prime factors of 556642.
2, 278321
List the prime factors of 1230340.
2, 5, 227, 271
What are the prime factors of 11065251?
3, 67, 55051
List the prime factors of 2396402.
2, 1198201
List the prime factors of 1334076.
2, 3, 107, 1039
What are the prime factors of 29875300?
2, 5, 7, 13, 67
What are the prime factors of 124421?
11, 11311
List the prime factors of 19343538.
2, 3, 1074641
List the prime factors of 770815.
5, 31, 4973
List the prime factors of 6650899.
607, 10957
What are the prime factors of 120883?
7, 2467
What are the prime factors of 157826?
2, 23, 47, 73
List the prime factors of 4363467.
3, 31, 46919
What are the prime factors of 20390?
2, 5, 2039
List the prime factors of 1146311.
59, 19429
List the prime factors of 19844283.
3, 1153, 5737
What are the prime factors of 2986005?
3, 5, 11, 18097
List the prime factors of 521938.
2, 260969
List the prime factors of 249917.
17, 61, 241
List the prime factors of 522607.
73, 7159
List the prime factors of 2441290.
2, 5, 244129
What are the prime factors of 174956?
2, 191, 229
List the prime factors of 5961551.
37, 161123
What are the prime factors of 7650078?
2, 3, 821, 1553
What are the prime factors of 1319242?
2, 659621
What are the prime factors of 899135?
5, 179827
List the prime factors of 856400.
2, 5, 2141
List the prime factors of 343264.
2, 17, 631
List the prime factors of 3183347.
3183347
What are the prime factors of 33800182?
2, 13, 17, 76471
List the prime factors of 16695930.
2, 3, 5, 23, 24197
List the prime factors of 123477.
3, 79, 521
List the prime factors of 3356033.
1553, 2161
List the prime factors of 5231345.
5, 7, 137, 1091
List the prime factors of 1112518.
2, 11, 61, 829
What are the prime factors of 169359?
3, 56453
List the prime factors of 31135022.
2, 1493, 10427
What are the prime factors of 61510?
2, 5, 6151
List the prime factors of 4385225.
5, 13, 103, 131
List the prime factors of 996866.
2, 13, 23, 1667
What are the prime factors of 5423753?
47, 115399
What are the prime factors of 61194?
2, 3, 7, 31, 47
What are the prime factors of 865794?
2, 3, 144299
What are the prime factors of 506270?
2, 5, 50627
List the prime factors of 4748956.
2, 1187239
List the prime factors of 1023465.
3, 5, 31, 71
List the prime factors of 5318557.
83, 139, 461
List the prime factors of 1954539.
3, 79, 2749
What are the prime factors of 1782744?
2, 3, 59, 1259
List the prime factors of 930952.
2, 11, 71, 149
What are the prime f